-172. Suppose -b = -4*i - i. What are the prime factors of i?
3, 5
Suppose 5*x - 922 = -3*l, 5*l + 326 = -3*x + 892. List the prime factors of x.
2, 7, 13
Suppose 0*d = 3*d. Suppose -4*m = -0*m - 340. Suppose -2*f - 3*f + m = d. List the prime factors of f.
17
Let y(v) = -v**3 + 5*v**2 + 7*v - 4. Let b be (-4)/(1/(3/(-2))). What are the prime factors of y(b)?
2
Suppose -4*l - 4 = -108. List the prime factors of l.
2, 13
Suppose -3*h - 185 = 4*f, -5*f - 4*h - 181 = 49. Let o be 2*(-3)/15*f. Suppose -3*d = -d - o. What are the prime factors of d?
2, 5
Let h be (-9)/((-1053)/(-18)) - 880/26. Suppose 0 = -0*g - g - 19. Let d = g - h. What are the prime factors of d?
3, 5
Let p = 4 - 0. Suppose 29 = p*x - x - j, 9 = x - j. What are the prime factors of x?
2, 5
Let q(m) be the second derivative of -m**3/3 - 5*m**2/2 + 3*m. Let l be q(-4). List the prime factors of l - 2 - 3/(-1).
2
Let c = 22 + 24. What are the prime factors of c?
2, 23
Suppose -3*a - 2*a - 25 = 0. List the prime factors of (-64)/(-10) - 3/a.
7
Let y be (2 + 0)*-1 + 2. Let k be 2/(0 + y + 1). Suppose 2*j - 5*m = 4*j - 32, -k*j = 2*m - 20. What are the prime factors of j?
2, 3
Let d(m) = m**3 - 7*m**2 + 9*m - 4. Let a = 43 - 31. Suppose -c = c - a. List the prime factors of d(c).
2, 7
Let l be (-3 + 2 - -1)*1. Suppose 16 = -l*z + 2*z. List the prime factors of z.
2
Let z(t) = -7*t + 5. Suppose c - 4*c - 18 = 0. Let y(r) = 20*r - 15. Let u(p) = c*y(p) - 17*z(p). List the prime factors of u(-7).
2, 3
Let t(d) = 3*d - 1. Let y be ((-2 + 1)/(-1))/1. Let g be t(y). Suppose 2*b = -g*b + 48. List the prime factors of b.
2, 3
Suppose -4*x = -12, -x + 0*x = -2*n + 673. What are the prime factors of n?
2, 13
Suppose 6*y = 2*y + 3*b + 4, 4*y + 3*b = 4. Let r be (6/15)/(y/5). Suppose r*g - 40 = -2*g. What are the prime factors of g?
2, 5
Let n(y) = 52*y**3 - 2*y**2 - 2*y - 1. Let s be n(-1). Let q = -7 - s. What are the prime factors of q?
2, 23
Let i(d) = d + 5. Let s be i(-5). Suppose s = j - 2*w - 37, -5*w = 5*j - w - 227. List the prime factors of j.
43
Let i(a) be the second derivative of a**4/6 + a**3/3 - 2*a. What are the prime factors of i(-2)?
2
Let l = 5 + -11. What are the prime factors of 4/(-12) + (-68)/l?
11
Let a be 0 + (-15)/(-3) + -1. Suppose -21 = -2*h - o, -a*h + 9*o + 7 = 4*o. List the prime factors of h.
2
Let p = 157 - 142. What are the prime factors of p?
3, 5
Let x(i) = i**2 - 7*i - 3. Let m be x(8). Let t(h) = -h**3 + 4*h**2 + 5*h + 4. Let f be t(m). Let g = f - -9. What are the prime factors of g?
13
Let i = 63 + -38. List the prime factors of i.
5
Let n = 10 - 6. Suppose -4*t - 4 = n, j + 4*t = 9. List the prime factors of j.
17
Suppose 3*b = -z + 62, b - z - 18 = -0*b. Let h = b + -12. Suppose 0 = 5*y - y - h. What are the prime factors of y?
2
Suppose -d - f + 25 = -5*f, -44 = -4*d + 2*f. What are the prime factors of d?
3
Suppose -2*n + 4*n = 82. What are the prime factors of n?
41
Suppose -111 = -4*t - 5*o + 264, -4*o - 320 = -3*t. What are the prime factors of t?
2, 5
Suppose 4*y - 5*y - 4 = -2*g, 2*y - 6 = -3*g. Suppose 2*n + o + 52 = -g*o, 4*o = 5*n + 107. Let t = -12 - n. List the prime factors of t.
11
Let s be (2 + -3)*(-4 - -6). Let r = s + 19. What are the prime factors of r?
17
Let q be (-1)/(-4) + 248/32. Suppose -3*m = -q*m + 235. What are the prime factors of m?
47
Let z(f) = -2*f - 1. Let a be z(-7). Let p(t) = t**3 - 13*t**2 + t - 3. List the prime factors of p(a).
2, 5
Suppose -4*o = -2*o - 12. Suppose -n - 120 = -5*g, 0 = -o*n + 4*n. List the prime factors of g.
2, 3
Suppose -4*a - 3*j = 23, 0 = -2*j - 4 - 6. Let l be (0 + 1)*(-2 - a). What are the prime factors of -2 + l - (-10 - 1)?
3
Suppose 4*h + 492 = 3*n, -3*n + 834 = 2*n - 2*h. List the prime factors of n.
2, 3, 7
Let i be 14/18 - (-2)/9. List the prime factors of 1/(30/(-33) + i).
11
Let p = 15 + -18. Let g(j) = 3*j**2 + 5*j + 2. Let d(w) = 3*w**2 + 5*w + 2. Let t(i) = -4*d(i) + 5*g(i). List the prime factors of t(p).
2, 7
Suppose 0*q = -2*q - 8. Let s = q + 8. Let j(p) = p**3 - 5*p**2 + 7*p - 6. What are the prime factors of j(s)?
2, 3
Let z be (24 + 0)*3/4. Suppose 4*n + z = 5*f, -2*f + 15 = n - 0. List the prime factors of f.
2, 3
Suppose 2 - 14 = 4*m, 3*s - 4*m - 3 = 0. Let o = 6 + s. List the prime factors of o.
3
Suppose -4 = -2*w + 36. List the prime factors of w.
2, 5
Let f be (3/(-2))/((-6)/16). Suppose 4 = f*x - m - 7, 2*x + 5*m - 11 = 0. Suppose s = -v + 17, x*s + 2*v + 3*v = 55. List the prime factors of s.
3, 5
Suppose -4*b + 3*u = -0*u - 88, -46 = -2*b + u. List the prime factors of b.
5
Let i be ((-1)/2)/(1/(-10)). Suppose 9 = 4*k - k. Suppose 0 = -5*t - 5*u + i, t + 5*u = k*t - 9. What are the prime factors of t?
2
Let a be (-32)/(-12)*(-3)/(-2). Suppose x + 70 = a*b + 4*x, -2*b = -x - 40. List the prime factors of b.
19
Let j be (30/8 - 4)*-8. Suppose -j*r = 2*r - 68. List the prime factors of r.
17
Let o(h) = -3*h**3 + h**2 + 3*h + 2. Let c be -4 + (-2)/1 + 4. Let r be o(c). Suppose -3 - 8 = t - 4*v, 0 = -t - 3*v + r. What are the prime factors of t?
3
Suppose 295 = 5*f - 0*f. Suppose 3*y + j = f, -5*y + 2*j = -56 - 46. List the prime factors of y.
2, 5
Let l = -17 - -21. Suppose o = -l*y + 79, 3 + 98 = 5*y - o. What are the prime factors of y?
2, 5
Let q be 6/(-9) + (-20)/(-12). Let x(h) = 4*h + 1. What are the prime factors of x(q)?
5
Let c = -45 - -23. List the prime factors of (-158)/c + (-2)/11.
7
List the prime factors of (-1)/(-5)*15 - (-54 - 0).
3, 19
Let i = -20 - -31. List the prime factors of 262/11 - (-2)/i.
2, 3
Suppose 2*k = -3*w + 66, 3*k + 4*w = 114 - 13. List the prime factors of k.
3, 13
Let b(l) = -l**2 - 4*l + 5. Let f be b(-5). Suppose f = -h + 5*q - 15, h + h = -3*q + 9. Let y = h - -7. What are the prime factors of y?
7
Let y(k) = -k**2 - 6*k + 6. What are the prime factors of y(-6)?
2, 3
Suppose q = 0, o - 3*q = -0*o + 6. Suppose -2*f = 2*z - 56, -o*f = 2*z - f - 59. What are the prime factors of z?
3
Let r = 76 + -34. What are the prime factors of r?
2, 3, 7
Let n(m) = m**3 + m**2 - 2. Let l be ((-5)/(-10))/((-2)/8). Let s be n(l). Let o = 9 + s. List the prime factors of o.
3
Suppose 36*o - 70 = 31*o. What are the prime factors of o?
2, 7
Suppose f - v = 48, -f = -2*f + 2*v + 43. What are the prime factors of f?
53
Let l = -6 + 10. Let v = l - -19. Let f = 41 - v. What are the prime factors of f?
2, 3
Let t be 1*(3 - (0 + -2)). Suppose b - 15 = -4*r, 3*b + t*r - 3*r = 35. What are the prime factors of b?
11
Let o be (-8)/4 + (2 - 3). List the prime factors of o + 30 + (4 - 8).
23
Suppose 0*i - 4 = -4*i. Suppose -i = -4*l + 5*l. Let u = l - -8. List the prime factors of u.
7
Let g = -5 - -29. What are the prime factors of g?
2, 3
Let q be 10/1*(1 - 0). Suppose -11*u + q*u = -25. What are the prime factors of u?
5
Let p(h) = -h**3 - 5*h**2 + 5. Let a be p(-5). Let y(u) = 3*u**2 - u - 9. Let n(c) = c**2 - c - 1. Let t(d) = 4*n(d) - y(d). List the prime factors of t(a).
3, 5
Let j(f) = -97*f + 97*f + 29 - f**2. List the prime factors of j(0).
29
List the prime factors of 4/(24/2)*96.
2
Suppose -3*d - 4*s = 0, 0 = 4*s - 0*s. Suppose d = w - 3*w + 4. Suppose -3*l + 5*t = -l + 7, w*l - 13 = t. List the prime factors of l.
3
List the prime factors of (51 - (-1 - -1)) + 0.
3, 17
What are the prime factors of (-6)/(-9) + 97/3?
3, 11
Let d(u) = 2*u**3 - u. Let g be d(-1). Let a(f) be the second derivative of -7*f**3/6 - 2*f. List the prime factors of a(g).
7
Let n = -41 + 6. Let r = n + 62. What are the prime factors of 20/(-6)*r/(-18)?
5
Suppose -9*o - 48 = -11*o. List the prime factors of o.
2, 3
Let u(a) = 3*a**2 + 6*a + 4. Let r(b) = b**2 + 3*b + 2. Let g(h) = -5*r(h) + 2*u(h). Let p be g(5). Suppose -6*x + 4*x + p = 0. What are the prime factors of x?
2
Let d = 3 + 3. Suppose d*t = 5*t + 4. What are the prime factors of t?
2
Let n = -96 - -53. Let g = 68 + n. List the prime factors of g.
5
Let k(n) = -n - 1. Let v be k(-1). Let z be (-3 - -2 - v)/(-1). What are the prime factors of z*(0 + 1 + 2)?
3
Let d(s) = s**2 - 8*s + 5. Let n be d(11). Let q = 54 - n. Suppose 3*g = -q + 61. List the prime factors of g.
3, 5
List the prime factors of (164/(-5))/((-2)/5).
2, 41
Suppose 0*t = 2*t - 16. Suppose -2*c = -10 - t. List the prime factors of 3/c + 5/3.
2